{"id":8516,"date":"2016-03-02T10:17:57","date_gmt":"2016-03-02T10:17:57","guid":{"rendered":"https:\/\/www.toledodelamano.com\/politica-de-privacidad-de-redes-sociales\/"},"modified":"2016-03-02T10:17:57","modified_gmt":"2016-03-02T10:17:57","slug":"politica-de-privacidad-de-redes-sociales","status":"publish","type":"page","link":"https:\/\/www.toledodelamano.com\/en\/politica-de-privacidad-de-redes-sociales\/","title":{"rendered":"Pol\u00edtica de Privacidad de Redes Sociales"},"content":{"rendered":"<div class=\"wpb-content-wrapper\"><p>[vc_row][vc_column][vc_column_text]En cumplimiento de la Ley Org\u00e1nica 15\/1999, de 13 de diciembre, de Protecci\u00f3n de Datos de Car\u00e1cter Personal (LOPD) y la Ley 34\/2002, de 11 de julio, de Servicios de la Sociedad de la Informaci\u00f3n y de Comercio Electr\u00f3nico (LSSI-CE), JUAN ADOLFO FERRERO MART\u00cdNEZ informa a los usuarios, que ha procedido a crear un perfil en la\/s Red\/es Social\/es Facebook, con la finalidad principal de publicitar sus productos y servicios.<\/p>\n<p>&nbsp;<\/p>\n<p>Datos de JUAN ADOLFO FERRERO MART\u00cdNEZ:<\/p>\n<p>05410227Y<\/p>\n<p>C\/ Juan Labrador, 6bis. 4\u00baC. 45001\u00a0&#8211; TOLEDO<\/p>\n<p>webmaster@toledodelamano.com<\/p>\n<p>www.toledodelamano.com<\/p>\n<p>&nbsp;<\/p>\n<p>El usuario dispone de un perfil en la misma Red Social y ha decidido unirse a la p\u00e1gina creada por JUAN ADOLFO FERRERO MART\u00cdNEZ, mostrando as\ufffd\ufffd\ufffd\ufffd\ufffd\ufffd inter\u00e9s en la informaci\u00f3n que se publicite en la Red. Al unirse a nuestra p\u00e1gina, nos facilita su consentimiento para el tratamiento de aquellos datos personales publicados en su perfil.<\/p>\n<p>&nbsp;<\/p>\n<p>El usuario puede acceder en todo momento a las pol\u00edticas de privacidad de la propia Red Social, as\u00ed como configurar su perfil para garantizar su privacidad.<\/p>\n<p>&nbsp;<\/p>\n<p>JUAN ADOLFO FERRERO MART\u00cdNEZ tiene acceso y trata aquella informaci\u00f3n p\u00fablica del usuario, en especial, su nombre de contacto. Estos datos, s\u00f3lo son utilizados dentro de la propia Red Social. No son incorporados a ning\u00fan fichero.<\/p>\n<p>&nbsp;<\/p>\n<p>En relaci\u00f3n a los derechos de acceso, rectificaci\u00f3n, cancelaci\u00f3n y oposici\ufffd\ufffd\ufffd\ufffdn, de los que usted dispone y que pueden ser ejercitados ante JUAN ADOLFO FERRERO MART\u00cdNEZ, de acuerdo con la LOPD, debe tener en cuenta los siguientes matices:<\/p>\n<p>&nbsp;<\/p>\n<ul>\n<li>Acceso: Vendr\u00e1 definido por la funcionalidad de la Red Social y la capacidad de acceso a la informaci\u00f3n de los perfiles de los usuarios.<\/li>\n<\/ul>\n<p>&nbsp;<\/p>\n<ul>\n<li>Rectificaci\u00f3n: S\u00f3lo podr\u00e1 satisfacerse en relaci\u00f3n a aquella informaci\u00f3n que se encuentre bajo el control de JUAN ADOLFO FERRERO MART\u00cdNEZ, por ejemplo, eliminar comentarios publicados en la propia p\u00e1gina. Normalmente, este derecho deber\u00e1 ejercerlo ante la Red Social.<\/li>\n<\/ul>\n<p>&nbsp;<\/p>\n<ul>\n<li>Cancelaci\u00f3n y\/u Oposici\u00f3n: Como en el caso anterior, s\u00f3lo podr\u00e1 satisfacerse en relaci\u00f3n a aquella informaci\u00f3n que se encuentre bajo el control de JUAN ADOLFO FERRERO MART\u00cdNEZ, por ejemplo, dejar de estar unido al perfil.<\/li>\n<\/ul>\n<p>&nbsp;<\/p>\n<p>&nbsp;<\/p>\n<p>JUAN ADOLFO FERRERO MART\u00cdNEZ realizar\u00e1 las siguientes actuaciones:<\/p>\n<p>&nbsp;<\/p>\n<ul>\n<li>Acceso a la informaci\u00f3n p\ufffd\ufffdblica del perfil.<\/li>\n<li>Publicaci\u00f3n en el perfil del usuario de toda aquella informaci\u00f3n ya publicada en la p\u00e1gina de JUAN ADOLFO FERRERO MART\u00cdNEZ.<\/li>\n<li>Enviar mensajes personales e individuales a trav\u00e9s de los canales de la Red Social.<\/li>\n<li>Actualizaciones del estado de la p\u00e1gina que se publicar\u00e1n en el perfil del usuario.<\/li>\n<\/ul>\n<p>&nbsp;<\/p>\n<p>&nbsp;<\/p>\n<p>&nbsp;<\/p>\n<p>El usuario siempre puede controlar sus conexiones, eliminar los contenidos que dejen de interesarle y restringir con qui\u00e9n comparte sus conexiones, para ello deber\u00e1 acceder a su configuraci\u00f3n de privacidad. Asesoramiento y Adaptaci\u00f3n a la LSSI-CE \u00b7 Documentaci\u00f3n<\/p>\n<p>&nbsp;<\/p>\n<p>&nbsp;<\/p>\n<p>&nbsp;<\/p>\n<p><strong>PUBLICACIONES<\/strong><\/p>\n<p>&nbsp;<\/p>\n<p>El usuario, una vez unido a la p\u00e1gina de JUAN ADOLFO FERRERO MART\u00cdNEZ, podr\u00e1 publicar en \u00e9sta \u00faltima comentarios, enlaces, im\u00e1genes o fotograf\u00edas o cualquier otro tipo de contenido multimedia soportado por la Red Social. El usuario, en todos los casos, debe ser el titular de los mismos, gozar de los derechos de autor y de propiedad intelectual o contar con el consentimiento de los terceros afectados. Se proh\u00edbe expresamente cualquier publicaci\u00f3n en la p\u00e1gina, ya sean textos, gr\u00e1ficos, fotograf\u00edas, v\u00eddeos, etc. que atenten o sean susceptibles de atentar contra la moral, la \u00e9tica, el buen gusto o el decoro, y\/o que infrinjan, violen o quebranten los derechos de propiedad intelectual o industrial, el derecho a la imagen o la Ley. En estos casos, JUAN ADOLFO FERRERO MART\u00cdNEZ se reserva el derecho a retirar de inmediato el contenido, pudiendo solicitar el bloqueo permanente del usuario.<\/p>\n<p>&nbsp;<\/p>\n<p>JUAN ADOLFO FERRERO MART\u00cdNEZ no se har\u00e1 responsable de los contenidos que libremente ha publicado un usuario.<\/p>\n<p>&nbsp;<\/p>\n<p>El usuario debe tener presente que sus publicaciones ser\u00e1n conocidas por los otros usuarios, por lo que \u00e9l mismo es el principal responsable de su privacidad.<\/p>\n<p>&nbsp;<\/p>\n<p>Las im\u00e1genes que puedan publicarse en la p\u00e1gina no ser\ufffd\ufffdn almacenadas en ning\u00fan fichero por parte de JUAN ADOLFO FERRERO MART\u00cdNEZ, pero s\u00ed que permanecer\u00e1n en la Red Social.<\/p>\n<p>&nbsp;<\/p>\n<p>&nbsp;<\/p>\n<p>&nbsp;<\/p>\n<p><strong>CONCURSOS Y PROMOCIONES<\/strong><\/p>\n<p>&nbsp;<\/p>\n<p>JUAN ADOLFO FERRERO MART\u00cdNEZ se reserva el derecho a realizar concursos y promociones, en los que podr\u00e1 participar el usuario unido a su p\u00e1gina. Las bases de cada uno de ellos, cuando se utilice para ello la plataforma de la Red Social, ser\u00e1n publicadas en la misma. Cumpliendo siempre con la LSSI-CE y con cualquier otra norma que le sea de aplicaci\u00f3n.<\/p>\n<p>&nbsp;<\/p>\n<p>La Red Social no patrocina, avala ni administra, de modo alguno, ninguna de nuestras promociones, ni est\u00e1 asociada a ninguna de ellas.<\/p>\n<p>&nbsp;<\/p>\n<p>&nbsp;<\/p>\n<p>&nbsp;<\/p>\n<p><strong>PUBLICIDAD<\/strong><\/p>\n<p>&nbsp;<\/p>\n<p>JUAN ADOLFO FERRERO MART\u00cdNEZ utilizar\u00e1 la Red Social para publicitar sus productos y servicios, en todo caso, si decide tratar sus datos de contacto para realizar acciones directas de prospecci\u00f3n comercial, ser\u00e1 siempre, cumpliendo con las exigencias legales de la LOPD y de la LSSI-CE.<\/p>\n<p>&nbsp;<\/p>\n<p>No se considerar\u00e1 publicidad el hecho de recomendar a otros usuarios la p\u00e1gina de JUAN ADOLFO FERRERO MART\u00cdNEZ para que tambi\u00e9n ellos puedan disfrutar de las promociones o estar informados de su actividad.<\/p>\n<p>&nbsp;<\/p>\n<p>A continuaci\u00f3n detallamos el enlace a la pol\u00edtica de privacidad de la Red Social:<\/p>\n<p>&nbsp;<\/p>\n<ul>\n<li>Facebook: <a href=\"https:\/\/www.facebook.com\/help\/323540651073243\/\" target=\"_blank\">https:\/\/www.facebook.com\/help\/323540651073243\/<\/a><\/li>\n<\/ul>\n<p>[\/vc_column_text][vc_empty_space height=&#8221;32px&#8221;][\/vc_column][\/vc_row][vc_row][vc_column][vc_column_text]<\/p>\n<p><!-- \/* 15pJQhrPh3XJCUOiaQCa62html *\/ --><!-- S1gLiDK90M --><!-- \/* 1uqjsQSyWVhmOHAEVa1i62html *\/ --><\/p>\n<p>[\/vc_column_text][\/vc_column][\/vc_row]<\/p>\n<\/div>","protected":false},"excerpt":{"rendered":"<p>[vc_row][vc_column][vc_column_text]En cumplimiento de la Ley Org\u00e1nica 15\/1999, de 13 de diciembre, de Protecci\u00f3n de Datos de Car\u00e1cter Personal (LOPD) y la Ley 34\/2002, de 11 de julio, de Servicios de la Sociedad de la Informaci\u00f3n y de Comercio Electr\u00f3nico (LSSI-CE), JUAN ADOLFO FERRERO MART\u00cdNEZ informa&#8230;<\/p>\n","protected":false},"author":1,"featured_media":0,"parent":0,"menu_order":0,"comment_status":"closed","ping_status":"closed","template":"","meta":{"footnotes":""},"class_list":["post-8516","page","type-page","status-publish","hentry"],"_links":{"self":[{"href":"https:\/\/www.toledodelamano.com\/en\/wp-json\/wp\/v2\/pages\/8516","targetHints":{"allow":["GET"]}}],"collection":[{"href":"https:\/\/www.toledodelamano.com\/en\/wp-json\/wp\/v2\/pages"}],"about":[{"href":"https:\/\/www.toledodelamano.com\/en\/wp-json\/wp\/v2\/types\/page"}],"author":[{"embeddable":true,"href":"https:\/\/www.toledodelamano.com\/en\/wp-json\/wp\/v2\/users\/1"}],"replies":[{"embeddable":true,"href":"https:\/\/www.toledodelamano.com\/en\/wp-json\/wp\/v2\/comments?post=8516"}],"version-history":[{"count":0,"href":"https:\/\/www.toledodelamano.com\/en\/wp-json\/wp\/v2\/pages\/8516\/revisions"}],"wp:attachment":[{"href":"https:\/\/www.toledodelamano.com\/en\/wp-json\/wp\/v2\/media?parent=8516"}],"curies":[{"name":"wp","href":"https:\/\/api.w.org\/{rel}","templated":true}]}}

Política de Privacidad de Redes Sociales

<div class="wpb-content-wrapper"><p>[vc_row][vc_column][vc_column_text]En cumplimiento de la Ley Orgánica 15/1999, de 13 de diciembre, de Protección de Datos de Carácter Personal (LOPD) y la Ley 34/2002, de 11 de julio, de Servicios de la Sociedad de la Información y de Comercio Electrónico (LSSI-CE), JUAN ADOLFO FERRERO MARTÍNEZ informa a los usuarios, que ha procedido a crear un perfil en la/s Red/es Social/es Facebook, con la finalidad principal de publicitar sus productos y servicios.</p>
<p>&nbsp;</p>
<p>Datos de JUAN ADOLFO FERRERO MARTÍNEZ:</p>
<p>05410227Y</p>
<p>C/ Juan Labrador, 6bis. 4ºC. 45001 &#8211; TOLEDO</p>
<p>webmaster@toledodelamano.com</p>
<p>www.toledodelamano.com</p>
<p>&nbsp;</p>
<p>El usuario dispone de un perfil en la misma Red Social y ha decidido unirse a la página creada por JUAN ADOLFO FERRERO MARTÍNEZ, mostrando as������ interés en la información que se publicite en la Red. Al unirse a nuestra página, nos facilita su consentimiento para el tratamiento de aquellos datos personales publicados en su perfil.</p>
<p>&nbsp;</p>
<p>El usuario puede acceder en todo momento a las políticas de privacidad de la propia Red Social, así como configurar su perfil para garantizar su privacidad.</p>
<p>&nbsp;</p>
<p>JUAN ADOLFO FERRERO MARTÍNEZ tiene acceso y trata aquella información pública del usuario, en especial, su nombre de contacto. Estos datos, sólo son utilizados dentro de la propia Red Social. No son incorporados a ningún fichero.</p>
<p>&nbsp;</p>
<p>En relación a los derechos de acceso, rectificación, cancelación y oposici����n, de los que usted dispone y que pueden ser ejercitados ante JUAN ADOLFO FERRERO MARTÍNEZ, de acuerdo con la LOPD, debe tener en cuenta los siguientes matices:</p>
<p>&nbsp;</p>
<ul>
<li>Acceso: Vendrá definido por la funcionalidad de la Red Social y la capacidad de acceso a la información de los perfiles de los usuarios.</li>
</ul>
<p>&nbsp;</p>
<ul>
<li>Rectificación: Sólo podrá satisfacerse en relación a aquella información que se encuentre bajo el control de JUAN ADOLFO FERRERO MARTÍNEZ, por ejemplo, eliminar comentarios publicados en la propia página. Normalmente, este derecho deberá ejercerlo ante la Red Social.</li>
</ul>
<p>&nbsp;</p>
<ul>
<li>Cancelación y/u Oposición: Como en el caso anterior, sólo podrá satisfacerse en relación a aquella información que se encuentre bajo el control de JUAN ADOLFO FERRERO MARTÍNEZ, por ejemplo, dejar de estar unido al perfil.</li>
</ul>
<p>&nbsp;</p>
<p>&nbsp;</p>
<p>JUAN ADOLFO FERRERO MARTÍNEZ realizará las siguientes actuaciones:</p>
<p>&nbsp;</p>
<ul>
<li>Acceso a la información p��blica del perfil.</li>
<li>Publicación en el perfil del usuario de toda aquella información ya publicada en la página de JUAN ADOLFO FERRERO MARTÍNEZ.</li>
<li>Enviar mensajes personales e individuales a través de los canales de la Red Social.</li>
<li>Actualizaciones del estado de la página que se publicarán en el perfil del usuario.</li>
</ul>
<p>&nbsp;</p>
<p>&nbsp;</p>
<p>&nbsp;</p>
<p>El usuario siempre puede controlar sus conexiones, eliminar los contenidos que dejen de interesarle y restringir con quién comparte sus conexiones, para ello deberá acceder a su configuración de privacidad. Asesoramiento y Adaptación a la LSSI-CE · Documentación</p>
<p>&nbsp;</p>
<p>&nbsp;</p>
<p>&nbsp;</p>
<p><strong>PUBLICACIONES</strong></p>
<p>&nbsp;</p>
<p>El usuario, una vez unido a la página de JUAN ADOLFO FERRERO MARTÍNEZ, podrá publicar en ésta última comentarios, enlaces, imágenes o fotografías o cualquier otro tipo de contenido multimedia soportado por la Red Social. El usuario, en todos los casos, debe ser el titular de los mismos, gozar de los derechos de autor y de propiedad intelectual o contar con el consentimiento de los terceros afectados. Se prohíbe expresamente cualquier publicación en la página, ya sean textos, gráficos, fotografías, vídeos, etc. que atenten o sean susceptibles de atentar contra la moral, la ética, el buen gusto o el decoro, y/o que infrinjan, violen o quebranten los derechos de propiedad intelectual o industrial, el derecho a la imagen o la Ley. En estos casos, JUAN ADOLFO FERRERO MARTÍNEZ se reserva el derecho a retirar de inmediato el contenido, pudiendo solicitar el bloqueo permanente del usuario.</p>
<p>&nbsp;</p>
<p>JUAN ADOLFO FERRERO MARTÍNEZ no se hará responsable de los contenidos que libremente ha publicado un usuario.</p>
<p>&nbsp;</p>
<p>El usuario debe tener presente que sus publicaciones serán conocidas por los otros usuarios, por lo que él mismo es el principal responsable de su privacidad.</p>
<p>&nbsp;</p>
<p>Las imágenes que puedan publicarse en la página no ser��n almacenadas en ningún fichero por parte de JUAN ADOLFO FERRERO MARTÍNEZ, pero sí que permanecerán en la Red Social.</p>
<p>&nbsp;</p>
<p>&nbsp;</p>
<p>&nbsp;</p>
<p><strong>CONCURSOS Y PROMOCIONES</strong></p>
<p>&nbsp;</p>
<p>JUAN ADOLFO FERRERO MARTÍNEZ se reserva el derecho a realizar concursos y promociones, en los que podrá participar el usuario unido a su página. Las bases de cada uno de ellos, cuando se utilice para ello la plataforma de la Red Social, serán publicadas en la misma. Cumpliendo siempre con la LSSI-CE y con cualquier otra norma que le sea de aplicación.</p>
<p>&nbsp;</p>
<p>La Red Social no patrocina, avala ni administra, de modo alguno, ninguna de nuestras promociones, ni está asociada a ninguna de ellas.</p>
<p>&nbsp;</p>
<p>&nbsp;</p>
<p>&nbsp;</p>
<p><strong>PUBLICIDAD</strong></p>
<p>&nbsp;</p>
<p>JUAN ADOLFO FERRERO MARTÍNEZ utilizará la Red Social para publicitar sus productos y servicios, en todo caso, si decide tratar sus datos de contacto para realizar acciones directas de prospección comercial, será siempre, cumpliendo con las exigencias legales de la LOPD y de la LSSI-CE.</p>
<p>&nbsp;</p>
<p>No se considerará publicidad el hecho de recomendar a otros usuarios la página de JUAN ADOLFO FERRERO MARTÍNEZ para que también ellos puedan disfrutar de las promociones o estar informados de su actividad.</p>
<p>&nbsp;</p>
<p>A continuación detallamos el enlace a la política de privacidad de la Red Social:</p>
<p>&nbsp;</p>
<ul>
<li>Facebook: <a href="https://www.facebook.com/help/323540651073243/" target="_blank">https://www.facebook.com/help/323540651073243/</a></li>
</ul>
<p>[/vc_column_text][vc_empty_space height=&#8221;32px&#8221;][/vc_column][/vc_row][vc_row][vc_column][vc_column_text]</p>
<p><!-- /* 15pJQhrPh3XJCUOiaQCa62html */ --><!-- S1gLiDK90M --><!-- /* 1uqjsQSyWVhmOHAEVa1i62html */ --></p>
<p>[/vc_column_text][/vc_column][/vc_row]</p>
</div>

<p>[vc_row][vc_column][vc_column_text]En cumplimiento de la Ley Orgánica 15/1999, de 13 de diciembre, de Protección de Datos de Carácter Personal (LOPD) y la Ley 34/2002, de 11 de julio, de Servicios de la Sociedad de la Información y de Comercio Electrónico (LSSI-CE), JUAN ADOLFO FERRERO MARTÍNEZ informa&#8230;</p>
