{"id":20001,"date":"2026-05-14T11:03:10","date_gmt":"2026-05-14T09:03:10","guid":{"rendered":"https:\/\/www.freetourtoledo.com.es\/ruta\/toledo-renacentista\/"},"modified":"2026-07-30T09:14:16","modified_gmt":"2026-07-30T07:14:16","slug":"la-renaissance-a-tolede","status":"publish","type":"avada_portfolio","link":"https:\/\/www.toledodelamano.com\/fr\/ruta\/la-renaissance-a-tolede\/","title":{"rendered":"La Renaissance \u00e0 Tol\u00e8de"},"content":{"rendered":"<p>La plupart des plus \u00e9tonnants monuments appartiennent \u00e0 ce moment:<\/p>\n<ul>\n<li>L\u2019<strong>Alc\u00e1zar<\/strong>, ou Palais Imp\u00e9rial de Charles V, accueillant en ce moment le Mus\u00e9e de l\u2019Arm\u00e9e Espagnole.<\/li>\n<li>L\u2019<strong>H\u00f4pital Tavera <\/strong>ou de Dehors, panth\u00e9on fun\u00e9raire de l\u2019Archev\u00eaque Tavera et un des plus riches mus\u00e9es dans la ville.<\/li>\n<li>Et l\u2019<strong>H\u00f4pital de la Santa Cruz<\/strong>, fondation instaur\u00e9e para le Cardinal Mendoza, main droite de la reine Isabel la Catholique, transform\u00e9e aujourd\u2019hui en Mus\u00e9e Arch\u00e9ologique et Beaux Arts.<\/li>\n<\/ul>\n<p><strong>Dur\u00e9e:<\/strong> La dur\u00e9e de la visite sera d\u2019une demie journ\u00e9e (3 heures \u2013 3 heures et demie).<\/p>\n<p><strong>Tour panoramique:<\/strong> Un tour panoramique de la ville pour jouir des exceptionnelles vues sur Tol\u00e8de d\u00e8s l\u2019autre cot\u00e9 du fleuve, ainsi qu\u2019une introduction \u00e0 son histoire et sa culture sont inclus dans la visite pour les groupes qui arrivent en autobus. Dans le cas des clients individuels qui arrivent en AVE (TGV espagnol), il y a la possibilit\u00e9 de faire le tour en taxi (20 euros aprox.).<\/p>\n<p><strong>Monuments:<\/strong> Tous les monuments inclus dans la visite seront parfaitement expliqu\u00e9s par le guide \u00e0 l\u2019ext\u00e9rieur et \u00e0 l\u2019int\u00e9rieur.<\/p>\n<p><strong>Contenu:<\/strong> M\u00eame s\u2019il y a toujours un fil conducteur dans la visite (les Trois Cultures, Le Greco, le monde juif,\u2026) le guide fera allusion aux aspects qui caract\u00e9risent ou ont caract\u00e9ris\u00e9 Tol\u00e8de: artisanat, \u00e9volution de la cit\u00e9 \u00e0 travers l\u2019histoire, h\u00e9ritage culturel, etc.<\/p>\n","protected":false},"excerpt":{"rendered":"<p>C\u2019est l\u2019\u00e9poque de splendeur de la ville qui co\u00efncide avec l\u2019arriv\u00e9 de Charles V, sa proclamation comme Ville Imp\u00e9riale et sa transformation pendant le XVI si\u00e8cle sous les mod\u00e8les de la Renaissance.<\/p>\n","protected":false},"author":10,"featured_media":20004,"menu_order":45,"comment_status":"closed","ping_status":"closed","template":"","format":"standard","meta":{"footnotes":""},"portfolio_category":[112],"portfolio_skills":[],"portfolio_tags":[],"class_list":["post-20001","avada_portfolio","type-avada_portfolio","status-publish","format-standard","has-post-thumbnail","hentry","portfolio_category-itineraires"],"_links":{"self":[{"href":"https:\/\/www.toledodelamano.com\/fr\/wp-json\/wp\/v2\/avada_portfolio\/20001","targetHints":{"allow":["GET"]}}],"collection":[{"href":"https:\/\/www.toledodelamano.com\/fr\/wp-json\/wp\/v2\/avada_portfolio"}],"about":[{"href":"https:\/\/www.toledodelamano.com\/fr\/wp-json\/wp\/v2\/types\/avada_portfolio"}],"author":[{"embeddable":true,"href":"https:\/\/www.toledodelamano.com\/fr\/wp-json\/wp\/v2\/users\/10"}],"replies":[{"embeddable":true,"href":"https:\/\/www.toledodelamano.com\/fr\/wp-json\/wp\/v2\/comments?post=20001"}],"version-history":[{"count":3,"href":"https:\/\/www.toledodelamano.com\/fr\/wp-json\/wp\/v2\/avada_portfolio\/20001\/revisions"}],"predecessor-version":[{"id":20251,"href":"https:\/\/www.toledodelamano.com\/fr\/wp-json\/wp\/v2\/avada_portfolio\/20001\/revisions\/20251"}],"wp:featuredmedia":[{"embeddable":true,"href":"https:\/\/www.toledodelamano.com\/fr\/wp-json\/wp\/v2\/media\/20004"}],"wp:attachment":[{"href":"https:\/\/www.toledodelamano.com\/fr\/wp-json\/wp\/v2\/media?parent=20001"}],"wp:term":[{"taxonomy":"portfolio_category","embeddable":true,"href":"https:\/\/www.toledodelamano.com\/fr\/wp-json\/wp\/v2\/portfolio_category?post=20001"},{"taxonomy":"portfolio_skills","embeddable":true,"href":"https:\/\/www.toledodelamano.com\/fr\/wp-json\/wp\/v2\/portfolio_skills?post=20001"},{"taxonomy":"portfolio_tags","embeddable":true,"href":"https:\/\/www.toledodelamano.com\/fr\/wp-json\/wp\/v2\/portfolio_tags?post=20001"}],"curies":[{"name":"wp","href":"https:\/\/api.w.org\/{rel}","templated":true}]}}

La Renaissance à Tolède

<p>La plupart des plus étonnants monuments appartiennent à ce moment:</p>
<ul>
<li>L’<strong>Alcázar</strong>, ou Palais Impérial de Charles V, accueillant en ce moment le Musée de l’Armée Espagnole.</li>
<li>L’<strong>Hôpital Tavera </strong>ou de Dehors, panthéon funéraire de l’Archevêque Tavera et un des plus riches musées dans la ville.</li>
<li>Et l’<strong>Hôpital de la Santa Cruz</strong>, fondation instaurée para le Cardinal Mendoza, main droite de la reine Isabel la Catholique, transformée aujourd’hui en Musée Archéologique et Beaux Arts.</li>
</ul>
<p><strong>Durée:</strong> La durée de la visite sera d’une demie journée (3 heures – 3 heures et demie).</p>
<p><strong>Tour panoramique:</strong> Un tour panoramique de la ville pour jouir des exceptionnelles vues sur Tolède dès l’autre coté du fleuve, ainsi qu’une introduction à son histoire et sa culture sont inclus dans la visite pour les groupes qui arrivent en autobus. Dans le cas des clients individuels qui arrivent en AVE (TGV espagnol), il y a la possibilité de faire le tour en taxi (20 euros aprox.).</p>
<p><strong>Monuments:</strong> Tous les monuments inclus dans la visite seront parfaitement expliqués par le guide à l’extérieur et à l’intérieur.</p>
<p><strong>Contenu:</strong> Même s’il y a toujours un fil conducteur dans la visite (les Trois Cultures, Le Greco, le monde juif,…) le guide fera allusion aux aspects qui caractérisent ou ont caractérisé Tolède: artisanat, évolution de la cité à travers l’histoire, héritage culturel, etc.</p>

<p>C’est l’époque de splendeur de la ville qui coïncide avec l’arrivé de Charles V, sa proclamation comme Ville Impériale et sa transformation pendant le XVI siècle sous les modèles de la Renaissance.</p>
