{"id":8537,"date":"2016-02-24T00:36:43","date_gmt":"2016-02-24T00:36:43","guid":{"rendered":"https:\/\/www.toledodelamano.com\/ruta\/la-renaissance-a-tolede\/"},"modified":"2025-07-22T06:52:26","modified_gmt":"2025-07-22T06:52:26","slug":"la-renaissance-a-tolede","status":"publish","type":"portfolio_page","link":"https:\/\/www.toledodelamano.com\/fr\/ruta\/la-renaissance-a-tolede\/","title":{"rendered":"La Renaissance \u00e0 Tol\u00e8de"},"content":{"rendered":"<div class=\"wpb-content-wrapper\"><p>[vc_row][vc_column width=\u00a0\u00bb1\/1&Prime;][vc_empty_space height=\u00a0\u00bb32px\u00a0\u00bb][\/vc_column][\/vc_row][vc_row row_type=\u00a0\u00bbrow\u00a0\u00bb type=\u00a0\u00bbgrid\u00a0\u00bb text_align=\u00a0\u00bbleft\u00a0\u00bb background_image_as_pattern=\u00a0\u00bbwithout_pattern\u00a0\u00bb][vc_column width=\u00a0\u00bb1\/2&Prime;][vc_single_image image=\u00a0\u00bb231&Prime; alignment=\u00a0\u00bbcenter\u00a0\u00bb border_color=\u00a0\u00bbgrey\u00a0\u00bb img_link_target=\u00a0\u00bb_self\u00a0\u00bb qode_css_animation=\u00a0\u00bbelement_from_left\u00a0\u00bb img_size=\u00a0\u00bblarge\u00a0\u00bb][\/vc_column][vc_column width=\u00a0\u00bb1\/2&Prime;][vc_column_text]C\u2019est l\u2019\u00e9poque de splendeur de la ville qui co\u00efncide avec l\u2019arriv\u00e9 de Charles V, sa proclamation comme Ville Imp\u00e9riale et sa transformation pendant le XVI si\u00e8cle sous les mod\u00e8les de la Renaissance. La plupart des plus \u00e9tonnants monuments appartiennent \u00e0 ce moment:<\/p>\n<ul>\n<li>L&rsquo;<strong>Alc\u00e1zar<\/strong>, ou Palais Imp\u00e9rial de Carlos V, accueillant en ce moment le Mus\u00e9e de l\u2019Arm\u00e9e Espagnole.<\/li>\n<li>L&rsquo;<strong>H\u00f4pital Tavera <\/strong>ou de Dehors, panth\u00e9on fun\u00e9raire de l\u2019Archev\u00eaque Tavera et un des plus riches mus\u00e9es dans la ville.<\/li>\n<li>Et l&rsquo;<strong>H\u00f4pital de la Santa Cruz<\/strong>, fondation instaur\u00e9e para le Cardinal Mendoza, main droite de la reine Isabel la Catholique, transform\u00e9e aujourd\u2019hui en Mus\u00e9e Arch\u00e9ologique et Beaux Arts.<\/li>\n<\/ul>\n<p>&nbsp;<\/p>\n<p>&nbsp;<\/p>\n<p><strong>Dur\u00e9e:<\/strong> La dur\u00e9e de la visite sera d&rsquo;une demie journ\u00e9e (3 heures &#8211; 3 heures et demie).<\/p>\n<p>&nbsp;<\/p>\n<p><strong>Tour panoramique:<\/strong> Un tour panoramique de la ville pour jouir des exceptionnelles vues sur Tol\u00e8de d\u00e8s l&rsquo;autre cot\u00e9 du fleuve, ainsi qu&rsquo;une introduction \u00e0 son histoire et sa culture sont inclus dans la visite pour les groupes qui arrivent en autobus. Dans le cas des clients individuels qui arrivent en AVE (TGV espagnol), il y a la possibilit\u00e9 de faire le tour en taxi (10 euros aprox.).<\/p>\n<p>&nbsp;<\/p>\n<p><strong>Monuments:<\/strong> Tous les monuments inclus dans la visite seront parfaitement expliqu\u00e9s par le guide \u00e0 l&rsquo;ext\u00e9rieur et \u00e0 l&rsquo;int\u00e9rieur.<\/p>\n<p>&nbsp;<\/p>\n<p><strong>Contenu:<\/strong> M\u00eame s&rsquo;il y a toujours un fil conducteur dans la visite (les Trois Cultures, Le Greco, le monde juif,&#8230;) le guide fera allusion aux aspects qui caract\u00e9risent ou ont caract\u00e9ris\u00e9 Tol\u00e8de: artisanat, \u00e9volution de la cit\u00e9 \u00e0 travers l&rsquo;histoire, h\u00e9ritage culturel, etc.[\/vc_column_text][\/vc_column][\/vc_row][vc_row][vc_column width=\u00a0\u00bb1\/1&Prime;][vc_empty_space height=\u00a0\u00bb32px\u00a0\u00bb]<div class=\"call_to_action normal\" style=\"\"><div class=\"container_inner\"><div class=\"two_columns_75_25 clearfix\"><div class=\"text_wrapper column1\"><div class=\"call_to_action_text \" style=\"\">\n<p>Pour plus d&rsquo;information<\/p>\n<\/div><\/div><div class=\"button_wrapper column2\"><a itemprop=\"url\" href=\"http:\/\/www.toledodelamano.com\/fr\/contacto\/\" class=\"qbutton white \" target=\"\" style=\"\" >Contact<\/a><\/div><\/div><\/div><\/div>[\/vc_column][\/vc_row]<\/p>\n<\/div>","protected":false},"excerpt":{"rendered":"<p>[vc_row][vc_column width=\u00a0\u00bb1\/1&Prime;][vc_empty_space height=\u00a0\u00bb32px\u00a0\u00bb][\/vc_column][\/vc_row][vc_row row_type=\u00a0\u00bbrow\u00a0\u00bb type=\u00a0\u00bbgrid\u00a0\u00bb text_align=\u00a0\u00bbleft\u00a0\u00bb background_image_as_pattern=\u00a0\u00bbwithout_pattern\u00a0\u00bb][vc_column width=\u00a0\u00bb1\/2&Prime;][vc_single_image image=\u00a0\u00bb231&Prime; alignment=\u00a0\u00bbcenter\u00a0\u00bb border_color=\u00a0\u00bbgrey\u00a0\u00bb img_link_target=\u00a0\u00bb_self\u00a0\u00bb qode_css_animation=\u00a0\u00bbelement_from_left\u00a0\u00bb img_size=\u00a0\u00bblarge\u00a0\u00bb][\/vc_column][vc_column width=\u00a0\u00bb1\/2&Prime;][vc_column_text]C\u2019est l\u2019\u00e9poque de splendeur de la ville qui co\u00efncide avec l\u2019arriv\u00e9 de Charles V, sa proclamation comme Ville Imp\u00e9riale et sa transformation pendant le XVI si\u00e8cle sous les mod\u00e8les de la&#8230;<\/p>\n","protected":false},"author":1,"featured_media":8245,"menu_order":0,"comment_status":"closed","ping_status":"closed","template":"","portfolio_category":[63],"portfolio_tag":[],"class_list":["post-8537","portfolio_page","type-portfolio_page","status-publish","has-post-thumbnail","hentry","portfolio_category-rutas"],"_links":{"self":[{"href":"https:\/\/www.toledodelamano.com\/fr\/wp-json\/wp\/v2\/portfolio_page\/8537","targetHints":{"allow":["GET"]}}],"collection":[{"href":"https:\/\/www.toledodelamano.com\/fr\/wp-json\/wp\/v2\/portfolio_page"}],"about":[{"href":"https:\/\/www.toledodelamano.com\/fr\/wp-json\/wp\/v2\/types\/portfolio_page"}],"author":[{"embeddable":true,"href":"https:\/\/www.toledodelamano.com\/fr\/wp-json\/wp\/v2\/users\/1"}],"replies":[{"embeddable":true,"href":"https:\/\/www.toledodelamano.com\/fr\/wp-json\/wp\/v2\/comments?post=8537"}],"wp:featuredmedia":[{"embeddable":true,"href":"https:\/\/www.toledodelamano.com\/fr\/wp-json\/wp\/v2\/media\/8245"}],"wp:attachment":[{"href":"https:\/\/www.toledodelamano.com\/fr\/wp-json\/wp\/v2\/media?parent=8537"}],"wp:term":[{"taxonomy":"portfolio_category","embeddable":true,"href":"https:\/\/www.toledodelamano.com\/fr\/wp-json\/wp\/v2\/portfolio_category?post=8537"},{"taxonomy":"portfolio_tag","embeddable":true,"href":"https:\/\/www.toledodelamano.com\/fr\/wp-json\/wp\/v2\/portfolio_tag?post=8537"}],"curies":[{"name":"wp","href":"https:\/\/api.w.org\/{rel}","templated":true}]}}

La Renaissance à Tolède

<div class="wpb-content-wrapper"><p>[vc_row][vc_column width= »1/1&Prime;][vc_empty_space height= »32px »][/vc_column][/vc_row][vc_row row_type= »row » type= »grid » text_align= »left » background_image_as_pattern= »without_pattern »][vc_column width= »1/2&Prime;][vc_single_image image= »231&Prime; alignment= »center » border_color= »grey » img_link_target= »_self » qode_css_animation= »element_from_left » img_size= »large »][/vc_column][vc_column width= »1/2&Prime;][vc_column_text]C’est l’époque de splendeur de la ville qui coïncide avec l’arrivé de Charles V, sa proclamation comme Ville Impériale et sa transformation pendant le XVI siècle sous les modèles de la Renaissance. La plupart des plus étonnants monuments appartiennent à ce moment:</p>
<ul>
<li>L&rsquo;<strong>Alcázar</strong>, ou Palais Impérial de Carlos V, accueillant en ce moment le Musée de l’Armée Espagnole.</li>
<li>L&rsquo;<strong>Hôpital Tavera </strong>ou de Dehors, panthéon funéraire de l’Archevêque Tavera et un des plus riches musées dans la ville.</li>
<li>Et l&rsquo;<strong>Hôpital de la Santa Cruz</strong>, fondation instaurée para le Cardinal Mendoza, main droite de la reine Isabel la Catholique, transformée aujourd’hui en Musée Archéologique et Beaux Arts.</li>
</ul>
<p>&nbsp;</p>
<p>&nbsp;</p>
<p><strong>Durée:</strong> La durée de la visite sera d&rsquo;une demie journée (3 heures &#8211; 3 heures et demie).</p>
<p>&nbsp;</p>
<p><strong>Tour panoramique:</strong> Un tour panoramique de la ville pour jouir des exceptionnelles vues sur Tolède dès l&rsquo;autre coté du fleuve, ainsi qu&rsquo;une introduction à son histoire et sa culture sont inclus dans la visite pour les groupes qui arrivent en autobus. Dans le cas des clients individuels qui arrivent en AVE (TGV espagnol), il y a la possibilité de faire le tour en taxi (10 euros aprox.).</p>
<p>&nbsp;</p>
<p><strong>Monuments:</strong> Tous les monuments inclus dans la visite seront parfaitement expliqués par le guide à l&rsquo;extérieur et à l&rsquo;intérieur.</p>
<p>&nbsp;</p>
<p><strong>Contenu:</strong> Même s&rsquo;il y a toujours un fil conducteur dans la visite (les Trois Cultures, Le Greco, le monde juif,&#8230;) le guide fera allusion aux aspects qui caractérisent ou ont caractérisé Tolède: artisanat, évolution de la cité à travers l&rsquo;histoire, héritage culturel, etc.[/vc_column_text][/vc_column][/vc_row][vc_row][vc_column width= »1/1&Prime;][vc_empty_space height= »32px »]<div class="call_to_action normal" style=""><div class="container_inner"><div class="two_columns_75_25 clearfix"><div class="text_wrapper column1"><div class="call_to_action_text " style="">
<p>Pour plus d&rsquo;information</p>
</div></div><div class="button_wrapper column2"><a itemprop="url" href="http://www.toledodelamano.com/fr/contacto/" class="qbutton white " target="" style="" >Contact</a></div></div></div></div>[/vc_column][/vc_row]</p>
</div>

<p>[vc_row][vc_column width= »1/1&Prime;][vc_empty_space height= »32px »][/vc_column][/vc_row][vc_row row_type= »row » type= »grid » text_align= »left » background_image_as_pattern= »without_pattern »][vc_column width= »1/2&Prime;][vc_single_image image= »231&Prime; alignment= »center » border_color= »grey » img_link_target= »_self » qode_css_animation= »element_from_left » img_size= »large »][/vc_column][vc_column width= »1/2&Prime;][vc_column_text]C’est l’époque de splendeur de la ville qui coïncide avec l’arrivé de Charles V, sa proclamation comme Ville Impériale et sa transformation pendant le XVI siècle sous les modèles de la&#8230;</p>
